{"id":239,"date":"2020-07-24T11:29:18","date_gmt":"2020-07-24T16:29:18","guid":{"rendered":"https:\/\/internacional.usil.edu.pe\/nacional\/?page_id=239"},"modified":"2022-05-12T15:37:49","modified_gmt":"2022-05-12T20:37:49","slug":"taller-global","status":"publish","type":"page","link":"https:\/\/internacional.usil.edu.pe\/nacional\/taller-global\/","title":{"rendered":"Taller Global"},"content":{"rendered":"\n<h3 class=\"title-taller-global\">\u00a1El mundo es nuestro!<br> Prep\u00e1rate y empieza a conocer el mundo<\/h3>\n\n\n\n<p class=\"has-text-align-center\">\u00bfQuieres realizar una experiencia internacional exitosa? <br>Inicia tu ruta internacional con el <a href=\"https:\/\/docs.google.com\/forms\/d\/e\/1FAIpQLSfuCygKbL4t7_o-YDKi0by5utRUyB7xAOhaBTiZkuwEbEZtVA\/viewform?usp=sf_link\">Taller Global Leadership Skills<\/a>. <br>Descubre tus habilidades de liderazgo y pot\u00e9ncialas en un entorno <br>internacional. Son 5 sesiones asincr\u00f3nicas y 2 sesiones sincr\u00f3nicas.<\/p>\n","protected":false},"excerpt":{"rendered":"<p>\u00a1El mundo es nuestro! Prep\u00e1rate y empieza a conocer el mundo \u00bfQuieres realizar una experiencia internacional exitosa? Inicia tu ruta internacional con el Taller Global Leadership Skills. Descubre tus habilidades de liderazgo y pot\u00e9ncialas en un entorno internacional. Son 5 sesiones asincr\u00f3nicas y 2 sesiones sincr\u00f3nicas.<\/p>\n","protected":false},"author":1,"featured_media":264,"parent":0,"menu_order":0,"comment_status":"closed","ping_status":"closed","template":"template_taller_global.php","meta":[],"_links":{"self":[{"href":"https:\/\/internacional.usil.edu.pe\/nacional\/wp-json\/wp\/v2\/pages\/239"}],"collection":[{"href":"https:\/\/internacional.usil.edu.pe\/nacional\/wp-json\/wp\/v2\/pages"}],"about":[{"href":"https:\/\/internacional.usil.edu.pe\/nacional\/wp-json\/wp\/v2\/types\/page"}],"author":[{"embeddable":true,"href":"https:\/\/internacional.usil.edu.pe\/nacional\/wp-json\/wp\/v2\/users\/1"}],"replies":[{"embeddable":true,"href":"https:\/\/internacional.usil.edu.pe\/nacional\/wp-json\/wp\/v2\/comments?post=239"}],"version-history":[{"count":5,"href":"https:\/\/internacional.usil.edu.pe\/nacional\/wp-json\/wp\/v2\/pages\/239\/revisions"}],"predecessor-version":[{"id":2626,"href":"https:\/\/internacional.usil.edu.pe\/nacional\/wp-json\/wp\/v2\/pages\/239\/revisions\/2626"}],"wp:featuredmedia":[{"embeddable":true,"href":"https:\/\/internacional.usil.edu.pe\/nacional\/wp-json\/wp\/v2\/media\/264"}],"wp:attachment":[{"href":"https:\/\/internacional.usil.edu.pe\/nacional\/wp-json\/wp\/v2\/media?parent=239"}],"curies":[{"name":"wp","href":"https:\/\/api.w.org\/{rel}","templated":true}]}}