{"id":4288,"date":"2021-04-07T21:26:49","date_gmt":"2021-04-07T21:26:49","guid":{"rendered":"https:\/\/internacional.usil.edu.pe\/internacional\/?page_id=4288"},"modified":"2021-04-07T21:49:53","modified_gmt":"2021-04-07T21:49:53","slug":"taller-social-media-y-marca-personal-2-0","status":"publish","type":"page","link":"https:\/\/internacional.usil.edu.pe\/internacional\/programas-online\/programas\/taller-social-media-y-marca-personal-2-0\/","title":{"rendered":"Taller Social Media y Marca Personal 2.0"},"content":{"rendered":"\n<h2>Taller Social Media y Marca Personal 2.0<\/h2>\n\n\n\n<hr class=\"wp-block-separator\"\/>\n\n\n\n<p>Convi\u00e9rtete en un experto en Redes Sociales e impulsa tu futuro a la internacionalizaci\u00f3n<\/p>\n\n\n\n<p>El Taller Social Media y Marca Personal 2.0 consta de 4 sesiones sincr\u00f3nicas dirigido para alumnos internacionales USIL, en las cuales se refuerzan los conocimientos de la comunicaci\u00f3n digital, redes sociales y herramientas pr\u00e1cticas en cada sesi\u00f3n. Es un taller participativo e interactivo, que te permite elaborar una estrategia de Community Management y la implementaci\u00f3n de m\u00e9tricas para una comunicaci\u00f3n eficiente.<\/p>\n\n\n\n<p><strong>\u00bfEn qu\u00e9 mes se da el programa?<\/strong><\/p>\n\n\n\n<p>Inicio: S\u00e1bado 08 de mayo<br>Fin: S\u00e1bado, 29 de mayo<br>Inscr\u00edbete hasta el jueves 15 de abril, 2021<\/p>\n","protected":false},"excerpt":{"rendered":"<p>Taller Social Media y Marca Personal 2.0 Convi\u00e9rtete en un experto en Redes Sociales e impulsa tu futuro a la internacionalizaci\u00f3n El Taller Social Media y Marca Personal 2.0 consta de 4 sesiones sincr\u00f3nicas dirigido para alumnos internacionales USIL, en las cuales se refuerzan los conocimientos de la comunicaci\u00f3n digital, redes sociales y herramientas pr\u00e1cticas [&hellip;]<\/p>\n","protected":false},"author":6,"featured_media":1692,"parent":1842,"menu_order":0,"comment_status":"closed","ping_status":"closed","template":"template_item_programa_online.php","meta":[],"yoast_head":"<!-- This site is optimized with the Yoast SEO plugin v18.3 - https:\/\/yoast.com\/wordpress\/plugins\/seo\/ -->\n<title>Taller Social Media y Marca Personal 2.0 - USIL INTERNACIONAL<\/title>\n<meta name=\"robots\" content=\"noindex, follow, max-snippet:-1, max-image-preview:large, max-video-preview:-1\" \/>\n<meta property=\"og:locale\" content=\"es_ES\" \/>\n<meta property=\"og:type\" content=\"article\" \/>\n<meta property=\"og:title\" content=\"Taller Social Media y Marca Personal 2.0 - USIL INTERNACIONAL\" \/>\n<meta property=\"og:description\" content=\"Taller Social Media y Marca Personal 2.0 Convi\u00e9rtete en un experto en Redes Sociales e impulsa tu futuro a la internacionalizaci\u00f3n El Taller Social Media y Marca Personal 2.0 consta de 4 sesiones sincr\u00f3nicas dirigido para alumnos internacionales USIL, en las cuales se refuerzan los conocimientos de la comunicaci\u00f3n digital, redes sociales y herramientas pr\u00e1cticas [&hellip;]\" \/>\n<meta property=\"og:url\" content=\"https:\/\/internacional.usil.edu.pe\/internacional\/es\/programas-online\/programas\/taller-social-media-y-marca-personal-2-0\/\" \/>\n<meta property=\"og:site_name\" content=\"USIL INTERNACIONAL\" \/>\n<meta property=\"article:modified_time\" content=\"2021-04-07T21:49:53+00:00\" \/>\n<meta property=\"og:image\" content=\"https:\/\/internacional.usil.edu.pe\/internacional\/wp-content\/uploads\/2020\/08\/cusco-1.jpg\" \/>\n\t<meta property=\"og:image:width\" content=\"827\" \/>\n\t<meta property=\"og:image:height\" content=\"493\" \/>\n\t<meta property=\"og:image:type\" content=\"image\/jpeg\" \/>\n<meta name=\"twitter:card\" content=\"summary_large_image\" \/>\n<meta name=\"twitter:label1\" content=\"Tiempo de lectura\" \/>\n\t<meta name=\"twitter:data1\" content=\"1 minuto\" \/>\n<script type=\"application\/ld+json\" class=\"yoast-schema-graph\">{\"@context\":\"https:\/\/schema.org\",\"@graph\":[{\"@type\":\"WebSite\",\"@id\":\"https:\/\/internacional.usil.edu.pe\/internacional\/#website\",\"url\":\"https:\/\/internacional.usil.edu.pe\/internacional\/\",\"name\":\"USIL INTERNACIONAL\",\"description\":\"USIL INTERNACIONAL \",\"potentialAction\":[{\"@type\":\"SearchAction\",\"target\":{\"@type\":\"EntryPoint\",\"urlTemplate\":\"https:\/\/internacional.usil.edu.pe\/internacional\/?s={search_term_string}\"},\"query-input\":\"required name=search_term_string\"}],\"inLanguage\":\"es\"},{\"@type\":\"ImageObject\",\"@id\":\"https:\/\/internacional.usil.edu.pe\/internacional\/es\/programas-online\/programas\/taller-social-media-y-marca-personal-2-0\/#primaryimage\",\"inLanguage\":\"es\",\"url\":\"https:\/\/internacional.usil.edu.pe\/internacional\/wp-content\/uploads\/2020\/08\/cusco-1.jpg\",\"contentUrl\":\"https:\/\/internacional.usil.edu.pe\/internacional\/wp-content\/uploads\/2020\/08\/cusco-1.jpg\",\"width\":827,\"height\":493},{\"@type\":\"WebPage\",\"@id\":\"https:\/\/internacional.usil.edu.pe\/internacional\/es\/programas-online\/programas\/taller-social-media-y-marca-personal-2-0\/#webpage\",\"url\":\"https:\/\/internacional.usil.edu.pe\/internacional\/es\/programas-online\/programas\/taller-social-media-y-marca-personal-2-0\/\",\"name\":\"Taller Social Media y Marca Personal 2.0 - USIL INTERNACIONAL\",\"isPartOf\":{\"@id\":\"https:\/\/internacional.usil.edu.pe\/internacional\/#website\"},\"primaryImageOfPage\":{\"@id\":\"https:\/\/internacional.usil.edu.pe\/internacional\/es\/programas-online\/programas\/taller-social-media-y-marca-personal-2-0\/#primaryimage\"},\"datePublished\":\"2021-04-07T21:26:49+00:00\",\"dateModified\":\"2021-04-07T21:49:53+00:00\",\"breadcrumb\":{\"@id\":\"https:\/\/internacional.usil.edu.pe\/internacional\/es\/programas-online\/programas\/taller-social-media-y-marca-personal-2-0\/#breadcrumb\"},\"inLanguage\":\"es\",\"potentialAction\":[{\"@type\":\"ReadAction\",\"target\":[\"https:\/\/internacional.usil.edu.pe\/internacional\/es\/programas-online\/programas\/taller-social-media-y-marca-personal-2-0\/\"]}]},{\"@type\":\"BreadcrumbList\",\"@id\":\"https:\/\/internacional.usil.edu.pe\/internacional\/es\/programas-online\/programas\/taller-social-media-y-marca-personal-2-0\/#breadcrumb\",\"itemListElement\":[{\"@type\":\"ListItem\",\"position\":1,\"name\":\"Portada\",\"item\":\"https:\/\/internacional.usil.edu.pe\/internacional\/es\/\"},{\"@type\":\"ListItem\",\"position\":2,\"name\":\"USIL Online\",\"item\":\"https:\/\/internacional.usil.edu.pe\/internacional\/es\/programas-online\/\"},{\"@type\":\"ListItem\",\"position\":3,\"name\":\"Programas Internacionales\",\"item\":\"https:\/\/internacional.usil.edu.pe\/internacional\/es\/programas-online\/programas\/\"},{\"@type\":\"ListItem\",\"position\":4,\"name\":\"Taller Social Media y Marca Personal 2.0\"}]}]}<\/script>\n<!-- \/ Yoast SEO plugin. -->","yoast_head_json":{"title":"Taller Social Media y Marca Personal 2.0 - USIL INTERNACIONAL","robots":{"index":"noindex","follow":"follow","max-snippet":"max-snippet:-1","max-image-preview":"max-image-preview:large","max-video-preview":"max-video-preview:-1"},"og_locale":"es_ES","og_type":"article","og_title":"Taller Social Media y Marca Personal 2.0 - USIL INTERNACIONAL","og_description":"Taller Social Media y Marca Personal 2.0 Convi\u00e9rtete en un experto en Redes Sociales e impulsa tu futuro a la internacionalizaci\u00f3n El Taller Social Media y Marca Personal 2.0 consta de 4 sesiones sincr\u00f3nicas dirigido para alumnos internacionales USIL, en las cuales se refuerzan los conocimientos de la comunicaci\u00f3n digital, redes sociales y herramientas pr\u00e1cticas [&hellip;]","og_url":"https:\/\/internacional.usil.edu.pe\/internacional\/es\/programas-online\/programas\/taller-social-media-y-marca-personal-2-0\/","og_site_name":"USIL INTERNACIONAL","article_modified_time":"2021-04-07T21:49:53+00:00","og_image":[{"width":827,"height":493,"url":"https:\/\/internacional.usil.edu.pe\/internacional\/wp-content\/uploads\/2020\/08\/cusco-1.jpg","type":"image\/jpeg"}],"twitter_card":"summary_large_image","twitter_misc":{"Tiempo de lectura":"1 minuto"},"schema":{"@context":"https:\/\/schema.org","@graph":[{"@type":"WebSite","@id":"https:\/\/internacional.usil.edu.pe\/internacional\/#website","url":"https:\/\/internacional.usil.edu.pe\/internacional\/","name":"USIL INTERNACIONAL","description":"USIL INTERNACIONAL ","potentialAction":[{"@type":"SearchAction","target":{"@type":"EntryPoint","urlTemplate":"https:\/\/internacional.usil.edu.pe\/internacional\/?s={search_term_string}"},"query-input":"required name=search_term_string"}],"inLanguage":"es"},{"@type":"ImageObject","@id":"https:\/\/internacional.usil.edu.pe\/internacional\/es\/programas-online\/programas\/taller-social-media-y-marca-personal-2-0\/#primaryimage","inLanguage":"es","url":"https:\/\/internacional.usil.edu.pe\/internacional\/wp-content\/uploads\/2020\/08\/cusco-1.jpg","contentUrl":"https:\/\/internacional.usil.edu.pe\/internacional\/wp-content\/uploads\/2020\/08\/cusco-1.jpg","width":827,"height":493},{"@type":"WebPage","@id":"https:\/\/internacional.usil.edu.pe\/internacional\/es\/programas-online\/programas\/taller-social-media-y-marca-personal-2-0\/#webpage","url":"https:\/\/internacional.usil.edu.pe\/internacional\/es\/programas-online\/programas\/taller-social-media-y-marca-personal-2-0\/","name":"Taller Social Media y Marca Personal 2.0 - USIL INTERNACIONAL","isPartOf":{"@id":"https:\/\/internacional.usil.edu.pe\/internacional\/#website"},"primaryImageOfPage":{"@id":"https:\/\/internacional.usil.edu.pe\/internacional\/es\/programas-online\/programas\/taller-social-media-y-marca-personal-2-0\/#primaryimage"},"datePublished":"2021-04-07T21:26:49+00:00","dateModified":"2021-04-07T21:49:53+00:00","breadcrumb":{"@id":"https:\/\/internacional.usil.edu.pe\/internacional\/es\/programas-online\/programas\/taller-social-media-y-marca-personal-2-0\/#breadcrumb"},"inLanguage":"es","potentialAction":[{"@type":"ReadAction","target":["https:\/\/internacional.usil.edu.pe\/internacional\/es\/programas-online\/programas\/taller-social-media-y-marca-personal-2-0\/"]}]},{"@type":"BreadcrumbList","@id":"https:\/\/internacional.usil.edu.pe\/internacional\/es\/programas-online\/programas\/taller-social-media-y-marca-personal-2-0\/#breadcrumb","itemListElement":[{"@type":"ListItem","position":1,"name":"Portada","item":"https:\/\/internacional.usil.edu.pe\/internacional\/es\/"},{"@type":"ListItem","position":2,"name":"USIL Online","item":"https:\/\/internacional.usil.edu.pe\/internacional\/es\/programas-online\/"},{"@type":"ListItem","position":3,"name":"Programas Internacionales","item":"https:\/\/internacional.usil.edu.pe\/internacional\/es\/programas-online\/programas\/"},{"@type":"ListItem","position":4,"name":"Taller Social Media y Marca Personal 2.0"}]}]}},"acf":[],"_links":{"self":[{"href":"https:\/\/internacional.usil.edu.pe\/internacional\/wp-json\/wp\/v2\/pages\/4288"}],"collection":[{"href":"https:\/\/internacional.usil.edu.pe\/internacional\/wp-json\/wp\/v2\/pages"}],"about":[{"href":"https:\/\/internacional.usil.edu.pe\/internacional\/wp-json\/wp\/v2\/types\/page"}],"author":[{"embeddable":true,"href":"https:\/\/internacional.usil.edu.pe\/internacional\/wp-json\/wp\/v2\/users\/6"}],"replies":[{"embeddable":true,"href":"https:\/\/internacional.usil.edu.pe\/internacional\/wp-json\/wp\/v2\/comments?post=4288"}],"version-history":[{"count":6,"href":"https:\/\/internacional.usil.edu.pe\/internacional\/wp-json\/wp\/v2\/pages\/4288\/revisions"}],"predecessor-version":[{"id":4295,"href":"https:\/\/internacional.usil.edu.pe\/internacional\/wp-json\/wp\/v2\/pages\/4288\/revisions\/4295"}],"up":[{"embeddable":true,"href":"https:\/\/internacional.usil.edu.pe\/internacional\/wp-json\/wp\/v2\/pages\/1842"}],"wp:featuredmedia":[{"embeddable":true,"href":"https:\/\/internacional.usil.edu.pe\/internacional\/wp-json\/wp\/v2\/media\/1692"}],"wp:attachment":[{"href":"https:\/\/internacional.usil.edu.pe\/internacional\/wp-json\/wp\/v2\/media?parent=4288"}],"curies":[{"name":"wp","href":"https:\/\/api.w.org\/{rel}","templated":true}]}}