{"id":4067,"date":"2020-10-08T15:16:29","date_gmt":"2020-10-08T15:16:29","guid":{"rendered":"https:\/\/internacional.usil.edu.pe\/internacional\/?page_id=4067"},"modified":"2020-11-25T15:21:30","modified_gmt":"2020-11-25T15:21:30","slug":"programa-blended","status":"publish","type":"page","link":"https:\/\/internacional.usil.edu.pe\/internacional\/programas-online\/programas\/programa-blended\/","title":{"rendered":"Programa Blended"},"content":{"rendered":"\n<h2>Programa Blended<\/h2>\n\n\n\n<hr class=\"wp-block-separator\"\/>\n\n\n\n<p class=\"slogan\"><strong>USIL y Green Program Per\u00fa<\/strong><br><strong>Aprenda ahora, viaja despu\u00e9s | 9 d\u00edas<\/strong><\/p>\n\n\n\n<p><a rel=\"noreferrer noopener\" href=\"https:\/\/www.instagram.com\/usilinternational\/\" target=\"_blank\">#USILInternational<\/a><br><br>La Direcci\u00f3n de Relaciones Internacionales de USIL ha desarrollado el formato mixto del Green Program Per\u00fa &#8211; Programa Aprende ahora, viaja despu\u00e9s, que combina componentes acad\u00e9micos virtuales y presenciales sobre Manejo de Recursos H\u00eddricos y Pr\u00e1cticas Sustentables.<\/p>\n\n\n\n<p>Los estudiantes inscritos en el programa podr\u00e1n tomar sus clases en l\u00ednea y tener una experiencia de campo de las principales iniciativas de sostenibilidad y energ\u00edas renovables del mundo en la ciudad de Cusco.<\/p>\n","protected":false},"excerpt":{"rendered":"<p>Programa Blended USIL y Green Program Per\u00faAprenda ahora, viaja despu\u00e9s | 9 d\u00edas #USILInternational La Direcci\u00f3n de Relaciones Internacionales de USIL ha desarrollado el formato mixto del Green Program Per\u00fa &#8211; Programa Aprende ahora, viaja despu\u00e9s, que combina componentes acad\u00e9micos virtuales y presenciales sobre Manejo de Recursos H\u00eddricos y Pr\u00e1cticas Sustentables. Los estudiantes inscritos en [&hellip;]<\/p>\n","protected":false},"author":2,"featured_media":1692,"parent":1842,"menu_order":0,"comment_status":"closed","ping_status":"closed","template":"template_item_programa_online.php","meta":[],"yoast_head":"<!-- This site is optimized with the Yoast SEO plugin v18.3 - https:\/\/yoast.com\/wordpress\/plugins\/seo\/ -->\n<title>Programa Blended - USIL INTERNACIONAL<\/title>\n<meta name=\"robots\" content=\"noindex, follow, max-snippet:-1, max-image-preview:large, max-video-preview:-1\" \/>\n<meta property=\"og:locale\" content=\"es_ES\" \/>\n<meta property=\"og:type\" content=\"article\" \/>\n<meta property=\"og:title\" content=\"Programa Blended - USIL INTERNACIONAL\" \/>\n<meta property=\"og:description\" content=\"Programa Blended USIL y Green Program Per\u00faAprenda ahora, viaja despu\u00e9s | 9 d\u00edas #USILInternational La Direcci\u00f3n de Relaciones Internacionales de USIL ha desarrollado el formato mixto del Green Program Per\u00fa &#8211; Programa Aprende ahora, viaja despu\u00e9s, que combina componentes acad\u00e9micos virtuales y presenciales sobre Manejo de Recursos H\u00eddricos y Pr\u00e1cticas Sustentables. Los estudiantes inscritos en [&hellip;]\" \/>\n<meta property=\"og:url\" content=\"https:\/\/internacional.usil.edu.pe\/internacional\/es\/programas-online\/programas\/programa-blended\/\" \/>\n<meta property=\"og:site_name\" content=\"USIL INTERNACIONAL\" \/>\n<meta property=\"article:modified_time\" content=\"2020-11-25T15:21:30+00:00\" \/>\n<meta property=\"og:image\" content=\"https:\/\/internacional.usil.edu.pe\/internacional\/wp-content\/uploads\/2020\/08\/cusco-1.jpg\" \/>\n\t<meta property=\"og:image:width\" content=\"827\" \/>\n\t<meta property=\"og:image:height\" content=\"493\" \/>\n\t<meta property=\"og:image:type\" content=\"image\/jpeg\" \/>\n<meta name=\"twitter:card\" content=\"summary_large_image\" \/>\n<script type=\"application\/ld+json\" class=\"yoast-schema-graph\">{\"@context\":\"https:\/\/schema.org\",\"@graph\":[{\"@type\":\"WebSite\",\"@id\":\"https:\/\/internacional.usil.edu.pe\/internacional\/#website\",\"url\":\"https:\/\/internacional.usil.edu.pe\/internacional\/\",\"name\":\"USIL INTERNACIONAL\",\"description\":\"USIL INTERNACIONAL \",\"potentialAction\":[{\"@type\":\"SearchAction\",\"target\":{\"@type\":\"EntryPoint\",\"urlTemplate\":\"https:\/\/internacional.usil.edu.pe\/internacional\/?s={search_term_string}\"},\"query-input\":\"required name=search_term_string\"}],\"inLanguage\":\"es\"},{\"@type\":\"ImageObject\",\"@id\":\"https:\/\/internacional.usil.edu.pe\/internacional\/es\/programas-online\/programas\/programa-blended\/#primaryimage\",\"inLanguage\":\"es\",\"url\":\"https:\/\/internacional.usil.edu.pe\/internacional\/wp-content\/uploads\/2020\/08\/cusco-1.jpg\",\"contentUrl\":\"https:\/\/internacional.usil.edu.pe\/internacional\/wp-content\/uploads\/2020\/08\/cusco-1.jpg\",\"width\":827,\"height\":493},{\"@type\":\"WebPage\",\"@id\":\"https:\/\/internacional.usil.edu.pe\/internacional\/es\/programas-online\/programas\/programa-blended\/#webpage\",\"url\":\"https:\/\/internacional.usil.edu.pe\/internacional\/es\/programas-online\/programas\/programa-blended\/\",\"name\":\"Programa Blended - USIL INTERNACIONAL\",\"isPartOf\":{\"@id\":\"https:\/\/internacional.usil.edu.pe\/internacional\/#website\"},\"primaryImageOfPage\":{\"@id\":\"https:\/\/internacional.usil.edu.pe\/internacional\/es\/programas-online\/programas\/programa-blended\/#primaryimage\"},\"datePublished\":\"2020-10-08T15:16:29+00:00\",\"dateModified\":\"2020-11-25T15:21:30+00:00\",\"breadcrumb\":{\"@id\":\"https:\/\/internacional.usil.edu.pe\/internacional\/es\/programas-online\/programas\/programa-blended\/#breadcrumb\"},\"inLanguage\":\"es\",\"potentialAction\":[{\"@type\":\"ReadAction\",\"target\":[\"https:\/\/internacional.usil.edu.pe\/internacional\/es\/programas-online\/programas\/programa-blended\/\"]}]},{\"@type\":\"BreadcrumbList\",\"@id\":\"https:\/\/internacional.usil.edu.pe\/internacional\/es\/programas-online\/programas\/programa-blended\/#breadcrumb\",\"itemListElement\":[{\"@type\":\"ListItem\",\"position\":1,\"name\":\"Portada\",\"item\":\"https:\/\/internacional.usil.edu.pe\/internacional\/es\/\"},{\"@type\":\"ListItem\",\"position\":2,\"name\":\"USIL Online\",\"item\":\"https:\/\/internacional.usil.edu.pe\/internacional\/es\/programas-online\/\"},{\"@type\":\"ListItem\",\"position\":3,\"name\":\"Programas Internacionales\",\"item\":\"https:\/\/internacional.usil.edu.pe\/internacional\/es\/programas-online\/programas\/\"},{\"@type\":\"ListItem\",\"position\":4,\"name\":\"Programa Blended\"}]}]}<\/script>\n<!-- \/ Yoast SEO plugin. -->","yoast_head_json":{"title":"Programa Blended - USIL INTERNACIONAL","robots":{"index":"noindex","follow":"follow","max-snippet":"max-snippet:-1","max-image-preview":"max-image-preview:large","max-video-preview":"max-video-preview:-1"},"og_locale":"es_ES","og_type":"article","og_title":"Programa Blended - USIL INTERNACIONAL","og_description":"Programa Blended USIL y Green Program Per\u00faAprenda ahora, viaja despu\u00e9s | 9 d\u00edas #USILInternational La Direcci\u00f3n de Relaciones Internacionales de USIL ha desarrollado el formato mixto del Green Program Per\u00fa &#8211; Programa Aprende ahora, viaja despu\u00e9s, que combina componentes acad\u00e9micos virtuales y presenciales sobre Manejo de Recursos H\u00eddricos y Pr\u00e1cticas Sustentables. Los estudiantes inscritos en [&hellip;]","og_url":"https:\/\/internacional.usil.edu.pe\/internacional\/es\/programas-online\/programas\/programa-blended\/","og_site_name":"USIL INTERNACIONAL","article_modified_time":"2020-11-25T15:21:30+00:00","og_image":[{"width":827,"height":493,"url":"https:\/\/internacional.usil.edu.pe\/internacional\/wp-content\/uploads\/2020\/08\/cusco-1.jpg","type":"image\/jpeg"}],"twitter_card":"summary_large_image","schema":{"@context":"https:\/\/schema.org","@graph":[{"@type":"WebSite","@id":"https:\/\/internacional.usil.edu.pe\/internacional\/#website","url":"https:\/\/internacional.usil.edu.pe\/internacional\/","name":"USIL INTERNACIONAL","description":"USIL INTERNACIONAL ","potentialAction":[{"@type":"SearchAction","target":{"@type":"EntryPoint","urlTemplate":"https:\/\/internacional.usil.edu.pe\/internacional\/?s={search_term_string}"},"query-input":"required name=search_term_string"}],"inLanguage":"es"},{"@type":"ImageObject","@id":"https:\/\/internacional.usil.edu.pe\/internacional\/es\/programas-online\/programas\/programa-blended\/#primaryimage","inLanguage":"es","url":"https:\/\/internacional.usil.edu.pe\/internacional\/wp-content\/uploads\/2020\/08\/cusco-1.jpg","contentUrl":"https:\/\/internacional.usil.edu.pe\/internacional\/wp-content\/uploads\/2020\/08\/cusco-1.jpg","width":827,"height":493},{"@type":"WebPage","@id":"https:\/\/internacional.usil.edu.pe\/internacional\/es\/programas-online\/programas\/programa-blended\/#webpage","url":"https:\/\/internacional.usil.edu.pe\/internacional\/es\/programas-online\/programas\/programa-blended\/","name":"Programa Blended - USIL INTERNACIONAL","isPartOf":{"@id":"https:\/\/internacional.usil.edu.pe\/internacional\/#website"},"primaryImageOfPage":{"@id":"https:\/\/internacional.usil.edu.pe\/internacional\/es\/programas-online\/programas\/programa-blended\/#primaryimage"},"datePublished":"2020-10-08T15:16:29+00:00","dateModified":"2020-11-25T15:21:30+00:00","breadcrumb":{"@id":"https:\/\/internacional.usil.edu.pe\/internacional\/es\/programas-online\/programas\/programa-blended\/#breadcrumb"},"inLanguage":"es","potentialAction":[{"@type":"ReadAction","target":["https:\/\/internacional.usil.edu.pe\/internacional\/es\/programas-online\/programas\/programa-blended\/"]}]},{"@type":"BreadcrumbList","@id":"https:\/\/internacional.usil.edu.pe\/internacional\/es\/programas-online\/programas\/programa-blended\/#breadcrumb","itemListElement":[{"@type":"ListItem","position":1,"name":"Portada","item":"https:\/\/internacional.usil.edu.pe\/internacional\/es\/"},{"@type":"ListItem","position":2,"name":"USIL Online","item":"https:\/\/internacional.usil.edu.pe\/internacional\/es\/programas-online\/"},{"@type":"ListItem","position":3,"name":"Programas Internacionales","item":"https:\/\/internacional.usil.edu.pe\/internacional\/es\/programas-online\/programas\/"},{"@type":"ListItem","position":4,"name":"Programa Blended"}]}]}},"acf":[],"_links":{"self":[{"href":"https:\/\/internacional.usil.edu.pe\/internacional\/wp-json\/wp\/v2\/pages\/4067"}],"collection":[{"href":"https:\/\/internacional.usil.edu.pe\/internacional\/wp-json\/wp\/v2\/pages"}],"about":[{"href":"https:\/\/internacional.usil.edu.pe\/internacional\/wp-json\/wp\/v2\/types\/page"}],"author":[{"embeddable":true,"href":"https:\/\/internacional.usil.edu.pe\/internacional\/wp-json\/wp\/v2\/users\/2"}],"replies":[{"embeddable":true,"href":"https:\/\/internacional.usil.edu.pe\/internacional\/wp-json\/wp\/v2\/comments?post=4067"}],"version-history":[{"count":11,"href":"https:\/\/internacional.usil.edu.pe\/internacional\/wp-json\/wp\/v2\/pages\/4067\/revisions"}],"predecessor-version":[{"id":4112,"href":"https:\/\/internacional.usil.edu.pe\/internacional\/wp-json\/wp\/v2\/pages\/4067\/revisions\/4112"}],"up":[{"embeddable":true,"href":"https:\/\/internacional.usil.edu.pe\/internacional\/wp-json\/wp\/v2\/pages\/1842"}],"wp:featuredmedia":[{"embeddable":true,"href":"https:\/\/internacional.usil.edu.pe\/internacional\/wp-json\/wp\/v2\/media\/1692"}],"wp:attachment":[{"href":"https:\/\/internacional.usil.edu.pe\/internacional\/wp-json\/wp\/v2\/media?parent=4067"}],"curies":[{"name":"wp","href":"https:\/\/api.w.org\/{rel}","templated":true}]}}