{"id":2735,"date":"2022-02-28T17:43:00","date_gmt":"2022-02-28T17:43:00","guid":{"rendered":"https:\/\/internacional.usil.edu.pe\/internacional\/estudia-en-usil-cusco\/programas\/semestre-y-summer-en-cusco\/"},"modified":"2022-05-26T17:15:34","modified_gmt":"2022-05-26T17:15:34","slug":"semester-in-cusco","status":"publish","type":"page","link":"https:\/\/internacional.usil.edu.pe\/internacional\/study-in-cusco\/onsite-programs\/semester-in-cusco\/","title":{"rendered":"Semester in Cusco"},"content":{"rendered":"\n<h2>Programas<\/h2>\n\n\n\n<hr class=\"wp-block-separator\"\/>\n\n\n\n<p class=\"slogan\">Semestre en Cusco<\/p>\n\n\n\n<p>Como estudiante internacional puedes estudiar por 5 meses o por 1 mes en el Centro de Extensi\u00f3n USIL en Cusco, Per\u00fa.<\/p>\n\n\n\n<p><strong>TODOS LOS PROGRAMAS INCLUYEN:<\/strong><\/p>\n\n\n\n<ul><li>Plan acad\u00e9mico<\/li><li>Alojamiento: residencia con familiares locales<\/li><li>Transporte<\/li><li>Viaje de campo: los estudiantes internacionales participar\u00e1n en diferentes experiencias que enriquecer\u00e1n su educaci\u00f3n, combinando la teor\u00eda con actividades que buscan reforzar significativamente el aprendizaje.<\/li><\/ul>\n","protected":false},"excerpt":{"rendered":"<p>Programas Semestre en Cusco Como estudiante internacional puedes estudiar por 5 meses o por 1 mes en el Centro de Extensi\u00f3n USIL en Cusco, Per\u00fa. TODOS LOS PROGRAMAS INCLUYEN: Plan acad\u00e9mico Alojamiento: residencia con familiares locales Transporte Viaje de campo: los estudiantes internacionales participar\u00e1n en diferentes experiencias que enriquecer\u00e1n su educaci\u00f3n, combinando la teor\u00eda con [&hellip;]<\/p>\n","protected":false},"author":2,"featured_media":2733,"parent":2730,"menu_order":0,"comment_status":"closed","ping_status":"closed","template":"template_item_programa_usil_cusco.php","meta":[],"yoast_head":"<!-- This site is optimized with the Yoast SEO plugin v18.3 - https:\/\/yoast.com\/wordpress\/plugins\/seo\/ -->\n<title>Semester in Cusco - USIL INTERNACIONAL<\/title>\n<meta name=\"robots\" content=\"noindex, follow, max-snippet:-1, max-image-preview:large, max-video-preview:-1\" \/>\n<meta property=\"og:locale\" content=\"es_ES\" \/>\n<meta property=\"og:type\" content=\"article\" \/>\n<meta property=\"og:title\" content=\"Semester in Cusco - USIL INTERNACIONAL\" \/>\n<meta property=\"og:description\" content=\"Programas Semestre en Cusco Como estudiante internacional puedes estudiar por 5 meses o por 1 mes en el Centro de Extensi\u00f3n USIL en Cusco, Per\u00fa. TODOS LOS PROGRAMAS INCLUYEN: Plan acad\u00e9mico Alojamiento: residencia con familiares locales Transporte Viaje de campo: los estudiantes internacionales participar\u00e1n en diferentes experiencias que enriquecer\u00e1n su educaci\u00f3n, combinando la teor\u00eda con [&hellip;]\" \/>\n<meta property=\"og:url\" content=\"https:\/\/internacional.usil.edu.pe\/internacional\/study-in-cusco\/onsite-programs\/semester-in-cusco\/\" \/>\n<meta property=\"og:site_name\" content=\"USIL INTERNACIONAL\" \/>\n<meta property=\"article:modified_time\" content=\"2022-05-26T17:15:34+00:00\" \/>\n<meta property=\"og:image\" content=\"https:\/\/internacional.usil.edu.pe\/internacional\/wp-content\/uploads\/2020\/08\/cusco.jpg\" \/>\n\t<meta property=\"og:image:width\" content=\"827\" \/>\n\t<meta property=\"og:image:height\" content=\"493\" \/>\n\t<meta property=\"og:image:type\" content=\"image\/jpeg\" \/>\n<meta name=\"twitter:card\" content=\"summary_large_image\" \/>\n<meta name=\"twitter:label1\" content=\"Tiempo de lectura\" \/>\n\t<meta name=\"twitter:data1\" content=\"1 minuto\" \/>\n<script type=\"application\/ld+json\" class=\"yoast-schema-graph\">{\"@context\":\"https:\/\/schema.org\",\"@graph\":[{\"@type\":\"WebSite\",\"@id\":\"https:\/\/internacional.usil.edu.pe\/internacional\/#website\",\"url\":\"https:\/\/internacional.usil.edu.pe\/internacional\/\",\"name\":\"USIL INTERNACIONAL\",\"description\":\"USIL INTERNACIONAL \",\"potentialAction\":[{\"@type\":\"SearchAction\",\"target\":{\"@type\":\"EntryPoint\",\"urlTemplate\":\"https:\/\/internacional.usil.edu.pe\/internacional\/?s={search_term_string}\"},\"query-input\":\"required name=search_term_string\"}],\"inLanguage\":\"es\"},{\"@type\":\"ImageObject\",\"@id\":\"https:\/\/internacional.usil.edu.pe\/internacional\/study-in-cusco\/onsite-programs\/semester-in-cusco\/#primaryimage\",\"inLanguage\":\"es\",\"url\":\"https:\/\/internacional.usil.edu.pe\/internacional\/wp-content\/uploads\/2020\/08\/cusco.jpg\",\"contentUrl\":\"https:\/\/internacional.usil.edu.pe\/internacional\/wp-content\/uploads\/2020\/08\/cusco.jpg\",\"width\":827,\"height\":493},{\"@type\":\"WebPage\",\"@id\":\"https:\/\/internacional.usil.edu.pe\/internacional\/study-in-cusco\/onsite-programs\/semester-in-cusco\/#webpage\",\"url\":\"https:\/\/internacional.usil.edu.pe\/internacional\/study-in-cusco\/onsite-programs\/semester-in-cusco\/\",\"name\":\"Semester in Cusco - USIL INTERNACIONAL\",\"isPartOf\":{\"@id\":\"https:\/\/internacional.usil.edu.pe\/internacional\/#website\"},\"primaryImageOfPage\":{\"@id\":\"https:\/\/internacional.usil.edu.pe\/internacional\/study-in-cusco\/onsite-programs\/semester-in-cusco\/#primaryimage\"},\"datePublished\":\"2022-02-28T17:43:00+00:00\",\"dateModified\":\"2022-05-26T17:15:34+00:00\",\"breadcrumb\":{\"@id\":\"https:\/\/internacional.usil.edu.pe\/internacional\/study-in-cusco\/onsite-programs\/semester-in-cusco\/#breadcrumb\"},\"inLanguage\":\"es\",\"potentialAction\":[{\"@type\":\"ReadAction\",\"target\":[\"https:\/\/internacional.usil.edu.pe\/internacional\/study-in-cusco\/onsite-programs\/semester-in-cusco\/\"]}]},{\"@type\":\"BreadcrumbList\",\"@id\":\"https:\/\/internacional.usil.edu.pe\/internacional\/study-in-cusco\/onsite-programs\/semester-in-cusco\/#breadcrumb\",\"itemListElement\":[{\"@type\":\"ListItem\",\"position\":1,\"name\":\"Portada\",\"item\":\"https:\/\/internacional.usil.edu.pe\/internacional\/es\/\"},{\"@type\":\"ListItem\",\"position\":2,\"name\":\"Study in Cusco\",\"item\":\"https:\/\/internacional.usil.edu.pe\/internacional\/study-in-cusco\/\"},{\"@type\":\"ListItem\",\"position\":3,\"name\":\"Onsite Programs\",\"item\":\"https:\/\/internacional.usil.edu.pe\/internacional\/study-in-cusco\/onsite-programs\/\"},{\"@type\":\"ListItem\",\"position\":4,\"name\":\"Semester in Cusco\"}]}]}<\/script>\n<!-- \/ Yoast SEO plugin. -->","yoast_head_json":{"title":"Semester in Cusco - USIL INTERNACIONAL","robots":{"index":"noindex","follow":"follow","max-snippet":"max-snippet:-1","max-image-preview":"max-image-preview:large","max-video-preview":"max-video-preview:-1"},"og_locale":"es_ES","og_type":"article","og_title":"Semester in Cusco - USIL INTERNACIONAL","og_description":"Programas Semestre en Cusco Como estudiante internacional puedes estudiar por 5 meses o por 1 mes en el Centro de Extensi\u00f3n USIL en Cusco, Per\u00fa. TODOS LOS PROGRAMAS INCLUYEN: Plan acad\u00e9mico Alojamiento: residencia con familiares locales Transporte Viaje de campo: los estudiantes internacionales participar\u00e1n en diferentes experiencias que enriquecer\u00e1n su educaci\u00f3n, combinando la teor\u00eda con [&hellip;]","og_url":"https:\/\/internacional.usil.edu.pe\/internacional\/study-in-cusco\/onsite-programs\/semester-in-cusco\/","og_site_name":"USIL INTERNACIONAL","article_modified_time":"2022-05-26T17:15:34+00:00","og_image":[{"width":827,"height":493,"url":"https:\/\/internacional.usil.edu.pe\/internacional\/wp-content\/uploads\/2020\/08\/cusco.jpg","type":"image\/jpeg"}],"twitter_card":"summary_large_image","twitter_misc":{"Tiempo de lectura":"1 minuto"},"schema":{"@context":"https:\/\/schema.org","@graph":[{"@type":"WebSite","@id":"https:\/\/internacional.usil.edu.pe\/internacional\/#website","url":"https:\/\/internacional.usil.edu.pe\/internacional\/","name":"USIL INTERNACIONAL","description":"USIL INTERNACIONAL ","potentialAction":[{"@type":"SearchAction","target":{"@type":"EntryPoint","urlTemplate":"https:\/\/internacional.usil.edu.pe\/internacional\/?s={search_term_string}"},"query-input":"required name=search_term_string"}],"inLanguage":"es"},{"@type":"ImageObject","@id":"https:\/\/internacional.usil.edu.pe\/internacional\/study-in-cusco\/onsite-programs\/semester-in-cusco\/#primaryimage","inLanguage":"es","url":"https:\/\/internacional.usil.edu.pe\/internacional\/wp-content\/uploads\/2020\/08\/cusco.jpg","contentUrl":"https:\/\/internacional.usil.edu.pe\/internacional\/wp-content\/uploads\/2020\/08\/cusco.jpg","width":827,"height":493},{"@type":"WebPage","@id":"https:\/\/internacional.usil.edu.pe\/internacional\/study-in-cusco\/onsite-programs\/semester-in-cusco\/#webpage","url":"https:\/\/internacional.usil.edu.pe\/internacional\/study-in-cusco\/onsite-programs\/semester-in-cusco\/","name":"Semester in Cusco - USIL INTERNACIONAL","isPartOf":{"@id":"https:\/\/internacional.usil.edu.pe\/internacional\/#website"},"primaryImageOfPage":{"@id":"https:\/\/internacional.usil.edu.pe\/internacional\/study-in-cusco\/onsite-programs\/semester-in-cusco\/#primaryimage"},"datePublished":"2022-02-28T17:43:00+00:00","dateModified":"2022-05-26T17:15:34+00:00","breadcrumb":{"@id":"https:\/\/internacional.usil.edu.pe\/internacional\/study-in-cusco\/onsite-programs\/semester-in-cusco\/#breadcrumb"},"inLanguage":"es","potentialAction":[{"@type":"ReadAction","target":["https:\/\/internacional.usil.edu.pe\/internacional\/study-in-cusco\/onsite-programs\/semester-in-cusco\/"]}]},{"@type":"BreadcrumbList","@id":"https:\/\/internacional.usil.edu.pe\/internacional\/study-in-cusco\/onsite-programs\/semester-in-cusco\/#breadcrumb","itemListElement":[{"@type":"ListItem","position":1,"name":"Portada","item":"https:\/\/internacional.usil.edu.pe\/internacional\/es\/"},{"@type":"ListItem","position":2,"name":"Study in Cusco","item":"https:\/\/internacional.usil.edu.pe\/internacional\/study-in-cusco\/"},{"@type":"ListItem","position":3,"name":"Onsite Programs","item":"https:\/\/internacional.usil.edu.pe\/internacional\/study-in-cusco\/onsite-programs\/"},{"@type":"ListItem","position":4,"name":"Semester in Cusco"}]}]}},"acf":[],"_links":{"self":[{"href":"https:\/\/internacional.usil.edu.pe\/internacional\/wp-json\/wp\/v2\/pages\/2735"}],"collection":[{"href":"https:\/\/internacional.usil.edu.pe\/internacional\/wp-json\/wp\/v2\/pages"}],"about":[{"href":"https:\/\/internacional.usil.edu.pe\/internacional\/wp-json\/wp\/v2\/types\/page"}],"author":[{"embeddable":true,"href":"https:\/\/internacional.usil.edu.pe\/internacional\/wp-json\/wp\/v2\/users\/2"}],"replies":[{"embeddable":true,"href":"https:\/\/internacional.usil.edu.pe\/internacional\/wp-json\/wp\/v2\/comments?post=2735"}],"version-history":[{"count":8,"href":"https:\/\/internacional.usil.edu.pe\/internacional\/wp-json\/wp\/v2\/pages\/2735\/revisions"}],"predecessor-version":[{"id":5188,"href":"https:\/\/internacional.usil.edu.pe\/internacional\/wp-json\/wp\/v2\/pages\/2735\/revisions\/5188"}],"up":[{"embeddable":true,"href":"https:\/\/internacional.usil.edu.pe\/internacional\/wp-json\/wp\/v2\/pages\/2730"}],"wp:featuredmedia":[{"embeddable":true,"href":"https:\/\/internacional.usil.edu.pe\/internacional\/wp-json\/wp\/v2\/media\/2733"}],"wp:attachment":[{"href":"https:\/\/internacional.usil.edu.pe\/internacional\/wp-json\/wp\/v2\/media?parent=2735"}],"curies":[{"name":"wp","href":"https:\/\/api.w.org\/{rel}","templated":true}]}}