{"id":2,"date":"2020-03-22T20:31:19","date_gmt":"2020-03-22T20:31:19","guid":{"rendered":"https:\/\/nunu.pe\/internacional\/?page_id=2"},"modified":"2022-03-09T15:26:17","modified_gmt":"2022-03-09T15:26:17","slug":"pagina-ejemplo","status":"publish","type":"page","link":"https:\/\/internacional.usil.edu.pe\/internacional\/","title":{"rendered":"Inicio"},"content":{"rendered":"\n<h2 class=\"titulo-seccion mt-3\">\u00a1CONVI\u00c9RTETE EN UN PROFESIONAL GLOBAL!<\/h2>\n\n\n\n<p class=\"descripcion-seccion\">USIL te abre las puertas al mundo gracias a sus m\u00e1s de 270 alianzas internacionales con prestigiosas universidades de Am\u00e9rica, Europa, Asia y Ocean\u00eda. Comienza tu experiencia internacional con el Taller Global.<\/p>\n","protected":false},"excerpt":{"rendered":"<p>\u00a1CONVI\u00c9RTETE EN UN PROFESIONAL GLOBAL! USIL te abre las puertas al mundo gracias a sus m\u00e1s de 270 alianzas internacionales con prestigiosas universidades de Am\u00e9rica, Europa, Asia y Ocean\u00eda. Comienza tu experiencia internacional con el Taller Global.<\/p>\n","protected":false},"author":1,"featured_media":0,"parent":0,"menu_order":0,"comment_status":"closed","ping_status":"open","template":"template_inicio.php","meta":[],"yoast_head":"<!-- This site is optimized with the Yoast SEO plugin v18.3 - https:\/\/yoast.com\/wordpress\/plugins\/seo\/ -->\n<title>Inicio - USIL INTERNACIONAL<\/title>\n<meta name=\"robots\" content=\"noindex, follow, max-snippet:-1, max-image-preview:large, max-video-preview:-1\" \/>\n<meta property=\"og:locale\" content=\"es_ES\" \/>\n<meta property=\"og:type\" content=\"article\" \/>\n<meta property=\"og:title\" content=\"Inicio - USIL INTERNACIONAL\" \/>\n<meta property=\"og:description\" content=\"\u00a1CONVI\u00c9RTETE EN UN PROFESIONAL GLOBAL! USIL te abre las puertas al mundo gracias a sus m\u00e1s de 270 alianzas internacionales con prestigiosas universidades de Am\u00e9rica, Europa, Asia y Ocean\u00eda. Comienza tu experiencia internacional con el Taller Global.\" \/>\n<meta property=\"og:url\" content=\"https:\/\/internacional.usil.edu.pe\/internacional\/es\/\" \/>\n<meta property=\"og:site_name\" content=\"USIL INTERNACIONAL\" \/>\n<meta property=\"article:modified_time\" content=\"2022-03-09T15:26:17+00:00\" \/>\n<meta name=\"twitter:card\" content=\"summary_large_image\" \/>\n<script type=\"application\/ld+json\" class=\"yoast-schema-graph\">{\"@context\":\"https:\/\/schema.org\",\"@graph\":[{\"@type\":\"WebSite\",\"@id\":\"https:\/\/internacional.usil.edu.pe\/internacional\/#website\",\"url\":\"https:\/\/internacional.usil.edu.pe\/internacional\/\",\"name\":\"USIL INTERNACIONAL\",\"description\":\"USIL INTERNACIONAL \",\"potentialAction\":[{\"@type\":\"SearchAction\",\"target\":{\"@type\":\"EntryPoint\",\"urlTemplate\":\"https:\/\/internacional.usil.edu.pe\/internacional\/?s={search_term_string}\"},\"query-input\":\"required name=search_term_string\"}],\"inLanguage\":\"es\"},{\"@type\":\"WebPage\",\"@id\":\"https:\/\/internacional.usil.edu.pe\/internacional\/es\/#webpage\",\"url\":\"https:\/\/internacional.usil.edu.pe\/internacional\/es\/\",\"name\":\"Inicio - USIL INTERNACIONAL\",\"isPartOf\":{\"@id\":\"https:\/\/internacional.usil.edu.pe\/internacional\/#website\"},\"datePublished\":\"2020-03-22T20:31:19+00:00\",\"dateModified\":\"2022-03-09T15:26:17+00:00\",\"breadcrumb\":{\"@id\":\"https:\/\/internacional.usil.edu.pe\/internacional\/es\/#breadcrumb\"},\"inLanguage\":\"es\",\"potentialAction\":[{\"@type\":\"ReadAction\",\"target\":[\"https:\/\/internacional.usil.edu.pe\/internacional\/es\/\"]}]},{\"@type\":\"BreadcrumbList\",\"@id\":\"https:\/\/internacional.usil.edu.pe\/internacional\/es\/#breadcrumb\",\"itemListElement\":[{\"@type\":\"ListItem\",\"position\":1,\"name\":\"Portada\",\"item\":\"https:\/\/internacional.usil.edu.pe\/internacional\/es\/\"},{\"@type\":\"ListItem\",\"position\":2,\"name\":\"Inicio\"}]}]}<\/script>\n<!-- \/ Yoast SEO plugin. -->","yoast_head_json":{"title":"Inicio - USIL INTERNACIONAL","robots":{"index":"noindex","follow":"follow","max-snippet":"max-snippet:-1","max-image-preview":"max-image-preview:large","max-video-preview":"max-video-preview:-1"},"og_locale":"es_ES","og_type":"article","og_title":"Inicio - USIL INTERNACIONAL","og_description":"\u00a1CONVI\u00c9RTETE EN UN PROFESIONAL GLOBAL! USIL te abre las puertas al mundo gracias a sus m\u00e1s de 270 alianzas internacionales con prestigiosas universidades de Am\u00e9rica, Europa, Asia y Ocean\u00eda. Comienza tu experiencia internacional con el Taller Global.","og_url":"https:\/\/internacional.usil.edu.pe\/internacional\/es\/","og_site_name":"USIL INTERNACIONAL","article_modified_time":"2022-03-09T15:26:17+00:00","twitter_card":"summary_large_image","schema":{"@context":"https:\/\/schema.org","@graph":[{"@type":"WebSite","@id":"https:\/\/internacional.usil.edu.pe\/internacional\/#website","url":"https:\/\/internacional.usil.edu.pe\/internacional\/","name":"USIL INTERNACIONAL","description":"USIL INTERNACIONAL ","potentialAction":[{"@type":"SearchAction","target":{"@type":"EntryPoint","urlTemplate":"https:\/\/internacional.usil.edu.pe\/internacional\/?s={search_term_string}"},"query-input":"required name=search_term_string"}],"inLanguage":"es"},{"@type":"WebPage","@id":"https:\/\/internacional.usil.edu.pe\/internacional\/es\/#webpage","url":"https:\/\/internacional.usil.edu.pe\/internacional\/es\/","name":"Inicio - USIL INTERNACIONAL","isPartOf":{"@id":"https:\/\/internacional.usil.edu.pe\/internacional\/#website"},"datePublished":"2020-03-22T20:31:19+00:00","dateModified":"2022-03-09T15:26:17+00:00","breadcrumb":{"@id":"https:\/\/internacional.usil.edu.pe\/internacional\/es\/#breadcrumb"},"inLanguage":"es","potentialAction":[{"@type":"ReadAction","target":["https:\/\/internacional.usil.edu.pe\/internacional\/es\/"]}]},{"@type":"BreadcrumbList","@id":"https:\/\/internacional.usil.edu.pe\/internacional\/es\/#breadcrumb","itemListElement":[{"@type":"ListItem","position":1,"name":"Portada","item":"https:\/\/internacional.usil.edu.pe\/internacional\/es\/"},{"@type":"ListItem","position":2,"name":"Inicio"}]}]}},"acf":[],"_links":{"self":[{"href":"https:\/\/internacional.usil.edu.pe\/internacional\/wp-json\/wp\/v2\/pages\/2"}],"collection":[{"href":"https:\/\/internacional.usil.edu.pe\/internacional\/wp-json\/wp\/v2\/pages"}],"about":[{"href":"https:\/\/internacional.usil.edu.pe\/internacional\/wp-json\/wp\/v2\/types\/page"}],"author":[{"embeddable":true,"href":"https:\/\/internacional.usil.edu.pe\/internacional\/wp-json\/wp\/v2\/users\/1"}],"replies":[{"embeddable":true,"href":"https:\/\/internacional.usil.edu.pe\/internacional\/wp-json\/wp\/v2\/comments?post=2"}],"version-history":[{"count":4,"href":"https:\/\/internacional.usil.edu.pe\/internacional\/wp-json\/wp\/v2\/pages\/2\/revisions"}],"predecessor-version":[{"id":4353,"href":"https:\/\/internacional.usil.edu.pe\/internacional\/wp-json\/wp\/v2\/pages\/2\/revisions\/4353"}],"wp:attachment":[{"href":"https:\/\/internacional.usil.edu.pe\/internacional\/wp-json\/wp\/v2\/media?parent=2"}],"curies":[{"name":"wp","href":"https:\/\/api.w.org\/{rel}","templated":true}]}}