{"id":1674,"date":"2020-08-29T13:47:38","date_gmt":"2020-08-29T13:47:38","guid":{"rendered":"https:\/\/internacional.usil.edu.pe\/internacional\/?page_id=1674"},"modified":"2022-03-14T23:15:41","modified_gmt":"2022-03-14T23:15:41","slug":"procesos","status":"publish","type":"page","link":"https:\/\/internacional.usil.edu.pe\/internacional\/estudia-en-usil-lima\/procesos\/","title":{"rendered":"Procesos de Aplicaci\u00f3n"},"content":{"rendered":"\n<h2>Procesos de Aplicaci\u00f3n<\/h2>\n\n\n\n<hr class=\"wp-block-separator\"\/>\n\n\n\n<p>Haz click aqu\u00ed para ver nuestras <a href=\"https:\/\/dev-internacional.usil.edu.pe\/buscador-de-alianzas\/\" target=\"_blank\" rel=\"noreferrer noopener\">universidades asociadas.<\/a><\/p>\n\n\n\n<p>Antes de comenzar su proceso de nominaci\u00f3n, aqu\u00ed algunos documentos importantes que necesitas:<\/p>\n\n\n\n<ul><li>Foto digital en formato JPG<\/li><li>Copia de pasaporte<\/li><li>Seguro m\u00e9dico internacional<\/li><li>Expediente acad\u00e9mico<\/li><li>Curr\u00edculum Vitae<\/li><li>Carta de referencia<\/li><\/ul>\n","protected":false},"excerpt":{"rendered":"<p>Procesos de Aplicaci\u00f3n Haz click aqu\u00ed para ver nuestras universidades asociadas. Antes de comenzar su proceso de nominaci\u00f3n, aqu\u00ed algunos documentos importantes que necesitas: Foto digital en formato JPG Copia de pasaporte Seguro m\u00e9dico internacional Expediente acad\u00e9mico Curr\u00edculum Vitae Carta de referencia<\/p>\n","protected":false},"author":1,"featured_media":1526,"parent":1522,"menu_order":3,"comment_status":"closed","ping_status":"closed","template":"template_usil_lima.php","meta":[],"yoast_head":"<!-- This site is optimized with the Yoast SEO plugin v18.3 - https:\/\/yoast.com\/wordpress\/plugins\/seo\/ -->\n<title>Procesos de Aplicaci\u00f3n - USIL INTERNACIONAL<\/title>\n<meta name=\"robots\" content=\"noindex, follow, max-snippet:-1, max-image-preview:large, max-video-preview:-1\" \/>\n<meta property=\"og:locale\" content=\"es_ES\" \/>\n<meta property=\"og:type\" content=\"article\" \/>\n<meta property=\"og:title\" content=\"Procesos de Aplicaci\u00f3n - USIL INTERNACIONAL\" \/>\n<meta property=\"og:description\" content=\"Procesos de Aplicaci\u00f3n Haz click aqu\u00ed para ver nuestras universidades asociadas. Antes de comenzar su proceso de nominaci\u00f3n, aqu\u00ed algunos documentos importantes que necesitas: Foto digital en formato JPG Copia de pasaporte Seguro m\u00e9dico internacional Expediente acad\u00e9mico Curr\u00edculum Vitae Carta de referencia\" \/>\n<meta property=\"og:url\" content=\"https:\/\/internacional.usil.edu.pe\/internacional\/es\/estudia-en-usil-lima\/procesos\/\" \/>\n<meta property=\"og:site_name\" content=\"USIL INTERNACIONAL\" \/>\n<meta property=\"article:modified_time\" content=\"2022-03-14T23:15:41+00:00\" \/>\n<meta property=\"og:image\" content=\"https:\/\/internacional.usil.edu.pe\/internacional\/wp-content\/uploads\/2020\/08\/usil-lima.jpg\" \/>\n\t<meta property=\"og:image:width\" content=\"827\" \/>\n\t<meta property=\"og:image:height\" content=\"493\" \/>\n\t<meta property=\"og:image:type\" content=\"image\/jpeg\" \/>\n<meta name=\"twitter:card\" content=\"summary_large_image\" \/>\n<script type=\"application\/ld+json\" class=\"yoast-schema-graph\">{\"@context\":\"https:\/\/schema.org\",\"@graph\":[{\"@type\":\"WebSite\",\"@id\":\"https:\/\/internacional.usil.edu.pe\/internacional\/#website\",\"url\":\"https:\/\/internacional.usil.edu.pe\/internacional\/\",\"name\":\"USIL INTERNACIONAL\",\"description\":\"USIL INTERNACIONAL \",\"potentialAction\":[{\"@type\":\"SearchAction\",\"target\":{\"@type\":\"EntryPoint\",\"urlTemplate\":\"https:\/\/internacional.usil.edu.pe\/internacional\/?s={search_term_string}\"},\"query-input\":\"required name=search_term_string\"}],\"inLanguage\":\"es\"},{\"@type\":\"ImageObject\",\"@id\":\"https:\/\/internacional.usil.edu.pe\/internacional\/es\/estudia-en-usil-lima\/procesos\/#primaryimage\",\"inLanguage\":\"es\",\"url\":\"https:\/\/internacional.usil.edu.pe\/internacional\/wp-content\/uploads\/2020\/08\/usil-lima.jpg\",\"contentUrl\":\"https:\/\/internacional.usil.edu.pe\/internacional\/wp-content\/uploads\/2020\/08\/usil-lima.jpg\",\"width\":827,\"height\":493},{\"@type\":\"WebPage\",\"@id\":\"https:\/\/internacional.usil.edu.pe\/internacional\/es\/estudia-en-usil-lima\/procesos\/#webpage\",\"url\":\"https:\/\/internacional.usil.edu.pe\/internacional\/es\/estudia-en-usil-lima\/procesos\/\",\"name\":\"Procesos de Aplicaci\u00f3n - USIL INTERNACIONAL\",\"isPartOf\":{\"@id\":\"https:\/\/internacional.usil.edu.pe\/internacional\/#website\"},\"primaryImageOfPage\":{\"@id\":\"https:\/\/internacional.usil.edu.pe\/internacional\/es\/estudia-en-usil-lima\/procesos\/#primaryimage\"},\"datePublished\":\"2020-08-29T13:47:38+00:00\",\"dateModified\":\"2022-03-14T23:15:41+00:00\",\"breadcrumb\":{\"@id\":\"https:\/\/internacional.usil.edu.pe\/internacional\/es\/estudia-en-usil-lima\/procesos\/#breadcrumb\"},\"inLanguage\":\"es\",\"potentialAction\":[{\"@type\":\"ReadAction\",\"target\":[\"https:\/\/internacional.usil.edu.pe\/internacional\/es\/estudia-en-usil-lima\/procesos\/\"]}]},{\"@type\":\"BreadcrumbList\",\"@id\":\"https:\/\/internacional.usil.edu.pe\/internacional\/es\/estudia-en-usil-lima\/procesos\/#breadcrumb\",\"itemListElement\":[{\"@type\":\"ListItem\",\"position\":1,\"name\":\"Portada\",\"item\":\"https:\/\/internacional.usil.edu.pe\/internacional\/es\/\"},{\"@type\":\"ListItem\",\"position\":2,\"name\":\"Estudia en USIL Lima\",\"item\":\"https:\/\/internacional.usil.edu.pe\/internacional\/study-in-usil-lima\/\"},{\"@type\":\"ListItem\",\"position\":3,\"name\":\"Procesos de Aplicaci\u00f3n\"}]}]}<\/script>\n<!-- \/ Yoast SEO plugin. -->","yoast_head_json":{"title":"Procesos de Aplicaci\u00f3n - USIL INTERNACIONAL","robots":{"index":"noindex","follow":"follow","max-snippet":"max-snippet:-1","max-image-preview":"max-image-preview:large","max-video-preview":"max-video-preview:-1"},"og_locale":"es_ES","og_type":"article","og_title":"Procesos de Aplicaci\u00f3n - USIL INTERNACIONAL","og_description":"Procesos de Aplicaci\u00f3n Haz click aqu\u00ed para ver nuestras universidades asociadas. Antes de comenzar su proceso de nominaci\u00f3n, aqu\u00ed algunos documentos importantes que necesitas: Foto digital en formato JPG Copia de pasaporte Seguro m\u00e9dico internacional Expediente acad\u00e9mico Curr\u00edculum Vitae Carta de referencia","og_url":"https:\/\/internacional.usil.edu.pe\/internacional\/es\/estudia-en-usil-lima\/procesos\/","og_site_name":"USIL INTERNACIONAL","article_modified_time":"2022-03-14T23:15:41+00:00","og_image":[{"width":827,"height":493,"url":"https:\/\/internacional.usil.edu.pe\/internacional\/wp-content\/uploads\/2020\/08\/usil-lima.jpg","type":"image\/jpeg"}],"twitter_card":"summary_large_image","schema":{"@context":"https:\/\/schema.org","@graph":[{"@type":"WebSite","@id":"https:\/\/internacional.usil.edu.pe\/internacional\/#website","url":"https:\/\/internacional.usil.edu.pe\/internacional\/","name":"USIL INTERNACIONAL","description":"USIL INTERNACIONAL ","potentialAction":[{"@type":"SearchAction","target":{"@type":"EntryPoint","urlTemplate":"https:\/\/internacional.usil.edu.pe\/internacional\/?s={search_term_string}"},"query-input":"required name=search_term_string"}],"inLanguage":"es"},{"@type":"ImageObject","@id":"https:\/\/internacional.usil.edu.pe\/internacional\/es\/estudia-en-usil-lima\/procesos\/#primaryimage","inLanguage":"es","url":"https:\/\/internacional.usil.edu.pe\/internacional\/wp-content\/uploads\/2020\/08\/usil-lima.jpg","contentUrl":"https:\/\/internacional.usil.edu.pe\/internacional\/wp-content\/uploads\/2020\/08\/usil-lima.jpg","width":827,"height":493},{"@type":"WebPage","@id":"https:\/\/internacional.usil.edu.pe\/internacional\/es\/estudia-en-usil-lima\/procesos\/#webpage","url":"https:\/\/internacional.usil.edu.pe\/internacional\/es\/estudia-en-usil-lima\/procesos\/","name":"Procesos de Aplicaci\u00f3n - USIL INTERNACIONAL","isPartOf":{"@id":"https:\/\/internacional.usil.edu.pe\/internacional\/#website"},"primaryImageOfPage":{"@id":"https:\/\/internacional.usil.edu.pe\/internacional\/es\/estudia-en-usil-lima\/procesos\/#primaryimage"},"datePublished":"2020-08-29T13:47:38+00:00","dateModified":"2022-03-14T23:15:41+00:00","breadcrumb":{"@id":"https:\/\/internacional.usil.edu.pe\/internacional\/es\/estudia-en-usil-lima\/procesos\/#breadcrumb"},"inLanguage":"es","potentialAction":[{"@type":"ReadAction","target":["https:\/\/internacional.usil.edu.pe\/internacional\/es\/estudia-en-usil-lima\/procesos\/"]}]},{"@type":"BreadcrumbList","@id":"https:\/\/internacional.usil.edu.pe\/internacional\/es\/estudia-en-usil-lima\/procesos\/#breadcrumb","itemListElement":[{"@type":"ListItem","position":1,"name":"Portada","item":"https:\/\/internacional.usil.edu.pe\/internacional\/es\/"},{"@type":"ListItem","position":2,"name":"Estudia en USIL Lima","item":"https:\/\/internacional.usil.edu.pe\/internacional\/study-in-usil-lima\/"},{"@type":"ListItem","position":3,"name":"Procesos de Aplicaci\u00f3n"}]}]}},"acf":[],"_links":{"self":[{"href":"https:\/\/internacional.usil.edu.pe\/internacional\/wp-json\/wp\/v2\/pages\/1674"}],"collection":[{"href":"https:\/\/internacional.usil.edu.pe\/internacional\/wp-json\/wp\/v2\/pages"}],"about":[{"href":"https:\/\/internacional.usil.edu.pe\/internacional\/wp-json\/wp\/v2\/types\/page"}],"author":[{"embeddable":true,"href":"https:\/\/internacional.usil.edu.pe\/internacional\/wp-json\/wp\/v2\/users\/1"}],"replies":[{"embeddable":true,"href":"https:\/\/internacional.usil.edu.pe\/internacional\/wp-json\/wp\/v2\/comments?post=1674"}],"version-history":[{"count":14,"href":"https:\/\/internacional.usil.edu.pe\/internacional\/wp-json\/wp\/v2\/pages\/1674\/revisions"}],"predecessor-version":[{"id":3952,"href":"https:\/\/internacional.usil.edu.pe\/internacional\/wp-json\/wp\/v2\/pages\/1674\/revisions\/3952"}],"up":[{"embeddable":true,"href":"https:\/\/internacional.usil.edu.pe\/internacional\/wp-json\/wp\/v2\/pages\/1522"}],"wp:featuredmedia":[{"embeddable":true,"href":"https:\/\/internacional.usil.edu.pe\/internacional\/wp-json\/wp\/v2\/media\/1526"}],"wp:attachment":[{"href":"https:\/\/internacional.usil.edu.pe\/internacional\/wp-json\/wp\/v2\/media?parent=1674"}],"curies":[{"name":"wp","href":"https:\/\/api.w.org\/{rel}","templated":true}]}}