{"id":1524,"date":"2020-08-27T21:55:09","date_gmt":"2020-08-27T21:55:09","guid":{"rendered":"https:\/\/internacional.usil.edu.pe\/internacional\/?page_id=1524"},"modified":"2022-05-25T11:29:12","modified_gmt":"2022-05-25T11:29:12","slug":"estudia-en-usil-cusco","status":"publish","type":"page","link":"https:\/\/internacional.usil.edu.pe\/internacional\/estudia-en-usil-cusco\/","title":{"rendered":"Estudia en USIL Cusco"},"content":{"rendered":"\n<h2>\u00a1Vive la Experiencia en Cusco, Per\u00fa!<\/h2>\n\n\n\n<hr class=\"wp-block-separator\"\/>\n\n\n\n<p><strong>Ciudad Imperial de los Incas<\/strong><\/p>\n\n\n\n<p>#ViveLaAventuraCusco<\/p>\n\n\n\n<p>Cusco, es la capital del Imperio Inca. Orgullosamente tiene el t\u00edtulo de Capital Arqueol\u00f3gica de Am\u00e9rica. Cusco, en el idioma quechua significa literalmente \u00abombligo\u00bb, y ciertamente esta descripci\u00f3n a\u00fan hoy se ajusta perfectamente a la realidad, ya que Cusco est\u00e1 en el centro de la cultura andina. Es una ciudad que podr\u00eda compararse con una puerta de entrada a los Andes, ya que desde all\u00f3 puede comenzar el viaje por varios sitios arqueol\u00f3gicos como el famoso Machu Picchu, una de las ciudades m\u00e1s fascinantes del mundo perdido.<\/p>\n","protected":false},"excerpt":{"rendered":"<p>\u00a1Vive la Experiencia en Cusco, Per\u00fa! Ciudad Imperial de los Incas #ViveLaAventuraCusco Cusco, es la capital del Imperio Inca. Orgullosamente tiene el t\u00edtulo de Capital Arqueol\u00f3gica de Am\u00e9rica. Cusco, en el idioma quechua significa literalmente \u00abombligo\u00bb, y ciertamente esta descripci\u00f3n a\u00fan hoy se ajusta perfectamente a la realidad, ya que Cusco est\u00e1 en el centro [&hellip;]<\/p>\n","protected":false},"author":1,"featured_media":1692,"parent":0,"menu_order":0,"comment_status":"closed","ping_status":"closed","template":"template_usil_cusco.php","meta":[],"yoast_head":"<!-- This site is optimized with the Yoast SEO plugin v18.3 - https:\/\/yoast.com\/wordpress\/plugins\/seo\/ -->\n<title>Estudia en USIL Cusco - USIL INTERNACIONAL<\/title>\n<meta name=\"robots\" content=\"noindex, follow, max-snippet:-1, max-image-preview:large, max-video-preview:-1\" \/>\n<meta property=\"og:locale\" content=\"es_ES\" \/>\n<meta property=\"og:type\" content=\"article\" \/>\n<meta property=\"og:title\" content=\"Estudia en USIL Cusco - USIL INTERNACIONAL\" \/>\n<meta property=\"og:description\" content=\"\u00a1Vive la Experiencia en Cusco, Per\u00fa! Ciudad Imperial de los Incas #ViveLaAventuraCusco Cusco, es la capital del Imperio Inca. Orgullosamente tiene el t\u00edtulo de Capital Arqueol\u00f3gica de Am\u00e9rica. Cusco, en el idioma quechua significa literalmente \u00abombligo\u00bb, y ciertamente esta descripci\u00f3n a\u00fan hoy se ajusta perfectamente a la realidad, ya que Cusco est\u00e1 en el centro [&hellip;]\" \/>\n<meta property=\"og:url\" content=\"https:\/\/internacional.usil.edu.pe\/internacional\/study-in-cusco\/\" \/>\n<meta property=\"og:site_name\" content=\"USIL INTERNACIONAL\" \/>\n<meta property=\"article:modified_time\" content=\"2022-05-25T11:29:12+00:00\" \/>\n<meta property=\"og:image\" content=\"https:\/\/internacional.usil.edu.pe\/internacional\/wp-content\/uploads\/2020\/08\/cusco-1.jpg\" \/>\n\t<meta property=\"og:image:width\" content=\"827\" \/>\n\t<meta property=\"og:image:height\" content=\"493\" \/>\n\t<meta property=\"og:image:type\" content=\"image\/jpeg\" \/>\n<meta name=\"twitter:card\" content=\"summary_large_image\" \/>\n<meta name=\"twitter:label1\" content=\"Tiempo de lectura\" \/>\n\t<meta name=\"twitter:data1\" content=\"1 minuto\" \/>\n<script type=\"application\/ld+json\" class=\"yoast-schema-graph\">{\"@context\":\"https:\/\/schema.org\",\"@graph\":[{\"@type\":\"WebSite\",\"@id\":\"https:\/\/internacional.usil.edu.pe\/internacional\/#website\",\"url\":\"https:\/\/internacional.usil.edu.pe\/internacional\/\",\"name\":\"USIL INTERNACIONAL\",\"description\":\"USIL INTERNACIONAL \",\"potentialAction\":[{\"@type\":\"SearchAction\",\"target\":{\"@type\":\"EntryPoint\",\"urlTemplate\":\"https:\/\/internacional.usil.edu.pe\/internacional\/?s={search_term_string}\"},\"query-input\":\"required name=search_term_string\"}],\"inLanguage\":\"es\"},{\"@type\":\"ImageObject\",\"@id\":\"https:\/\/internacional.usil.edu.pe\/internacional\/study-in-cusco\/#primaryimage\",\"inLanguage\":\"es\",\"url\":\"https:\/\/internacional.usil.edu.pe\/internacional\/wp-content\/uploads\/2020\/08\/cusco-1.jpg\",\"contentUrl\":\"https:\/\/internacional.usil.edu.pe\/internacional\/wp-content\/uploads\/2020\/08\/cusco-1.jpg\",\"width\":827,\"height\":493},{\"@type\":\"WebPage\",\"@id\":\"https:\/\/internacional.usil.edu.pe\/internacional\/study-in-cusco\/#webpage\",\"url\":\"https:\/\/internacional.usil.edu.pe\/internacional\/study-in-cusco\/\",\"name\":\"Estudia en USIL Cusco - USIL INTERNACIONAL\",\"isPartOf\":{\"@id\":\"https:\/\/internacional.usil.edu.pe\/internacional\/#website\"},\"primaryImageOfPage\":{\"@id\":\"https:\/\/internacional.usil.edu.pe\/internacional\/study-in-cusco\/#primaryimage\"},\"datePublished\":\"2020-08-27T21:55:09+00:00\",\"dateModified\":\"2022-05-25T11:29:12+00:00\",\"breadcrumb\":{\"@id\":\"https:\/\/internacional.usil.edu.pe\/internacional\/study-in-cusco\/#breadcrumb\"},\"inLanguage\":\"es\",\"potentialAction\":[{\"@type\":\"ReadAction\",\"target\":[\"https:\/\/internacional.usil.edu.pe\/internacional\/study-in-cusco\/\"]}]},{\"@type\":\"BreadcrumbList\",\"@id\":\"https:\/\/internacional.usil.edu.pe\/internacional\/study-in-cusco\/#breadcrumb\",\"itemListElement\":[{\"@type\":\"ListItem\",\"position\":1,\"name\":\"Portada\",\"item\":\"https:\/\/internacional.usil.edu.pe\/internacional\/es\/\"},{\"@type\":\"ListItem\",\"position\":2,\"name\":\"Estudia en USIL Cusco\"}]}]}<\/script>\n<!-- \/ Yoast SEO plugin. -->","yoast_head_json":{"title":"Estudia en USIL Cusco - USIL INTERNACIONAL","robots":{"index":"noindex","follow":"follow","max-snippet":"max-snippet:-1","max-image-preview":"max-image-preview:large","max-video-preview":"max-video-preview:-1"},"og_locale":"es_ES","og_type":"article","og_title":"Estudia en USIL Cusco - USIL INTERNACIONAL","og_description":"\u00a1Vive la Experiencia en Cusco, Per\u00fa! Ciudad Imperial de los Incas #ViveLaAventuraCusco Cusco, es la capital del Imperio Inca. Orgullosamente tiene el t\u00edtulo de Capital Arqueol\u00f3gica de Am\u00e9rica. Cusco, en el idioma quechua significa literalmente \u00abombligo\u00bb, y ciertamente esta descripci\u00f3n a\u00fan hoy se ajusta perfectamente a la realidad, ya que Cusco est\u00e1 en el centro [&hellip;]","og_url":"https:\/\/internacional.usil.edu.pe\/internacional\/study-in-cusco\/","og_site_name":"USIL INTERNACIONAL","article_modified_time":"2022-05-25T11:29:12+00:00","og_image":[{"width":827,"height":493,"url":"https:\/\/internacional.usil.edu.pe\/internacional\/wp-content\/uploads\/2020\/08\/cusco-1.jpg","type":"image\/jpeg"}],"twitter_card":"summary_large_image","twitter_misc":{"Tiempo de lectura":"1 minuto"},"schema":{"@context":"https:\/\/schema.org","@graph":[{"@type":"WebSite","@id":"https:\/\/internacional.usil.edu.pe\/internacional\/#website","url":"https:\/\/internacional.usil.edu.pe\/internacional\/","name":"USIL INTERNACIONAL","description":"USIL INTERNACIONAL ","potentialAction":[{"@type":"SearchAction","target":{"@type":"EntryPoint","urlTemplate":"https:\/\/internacional.usil.edu.pe\/internacional\/?s={search_term_string}"},"query-input":"required name=search_term_string"}],"inLanguage":"es"},{"@type":"ImageObject","@id":"https:\/\/internacional.usil.edu.pe\/internacional\/study-in-cusco\/#primaryimage","inLanguage":"es","url":"https:\/\/internacional.usil.edu.pe\/internacional\/wp-content\/uploads\/2020\/08\/cusco-1.jpg","contentUrl":"https:\/\/internacional.usil.edu.pe\/internacional\/wp-content\/uploads\/2020\/08\/cusco-1.jpg","width":827,"height":493},{"@type":"WebPage","@id":"https:\/\/internacional.usil.edu.pe\/internacional\/study-in-cusco\/#webpage","url":"https:\/\/internacional.usil.edu.pe\/internacional\/study-in-cusco\/","name":"Estudia en USIL Cusco - USIL INTERNACIONAL","isPartOf":{"@id":"https:\/\/internacional.usil.edu.pe\/internacional\/#website"},"primaryImageOfPage":{"@id":"https:\/\/internacional.usil.edu.pe\/internacional\/study-in-cusco\/#primaryimage"},"datePublished":"2020-08-27T21:55:09+00:00","dateModified":"2022-05-25T11:29:12+00:00","breadcrumb":{"@id":"https:\/\/internacional.usil.edu.pe\/internacional\/study-in-cusco\/#breadcrumb"},"inLanguage":"es","potentialAction":[{"@type":"ReadAction","target":["https:\/\/internacional.usil.edu.pe\/internacional\/study-in-cusco\/"]}]},{"@type":"BreadcrumbList","@id":"https:\/\/internacional.usil.edu.pe\/internacional\/study-in-cusco\/#breadcrumb","itemListElement":[{"@type":"ListItem","position":1,"name":"Portada","item":"https:\/\/internacional.usil.edu.pe\/internacional\/es\/"},{"@type":"ListItem","position":2,"name":"Estudia en USIL Cusco"}]}]}},"acf":[],"_links":{"self":[{"href":"https:\/\/internacional.usil.edu.pe\/internacional\/wp-json\/wp\/v2\/pages\/1524"}],"collection":[{"href":"https:\/\/internacional.usil.edu.pe\/internacional\/wp-json\/wp\/v2\/pages"}],"about":[{"href":"https:\/\/internacional.usil.edu.pe\/internacional\/wp-json\/wp\/v2\/types\/page"}],"author":[{"embeddable":true,"href":"https:\/\/internacional.usil.edu.pe\/internacional\/wp-json\/wp\/v2\/users\/1"}],"replies":[{"embeddable":true,"href":"https:\/\/internacional.usil.edu.pe\/internacional\/wp-json\/wp\/v2\/comments?post=1524"}],"version-history":[{"count":13,"href":"https:\/\/internacional.usil.edu.pe\/internacional\/wp-json\/wp\/v2\/pages\/1524\/revisions"}],"predecessor-version":[{"id":5109,"href":"https:\/\/internacional.usil.edu.pe\/internacional\/wp-json\/wp\/v2\/pages\/1524\/revisions\/5109"}],"wp:featuredmedia":[{"embeddable":true,"href":"https:\/\/internacional.usil.edu.pe\/internacional\/wp-json\/wp\/v2\/media\/1692"}],"wp:attachment":[{"href":"https:\/\/internacional.usil.edu.pe\/internacional\/wp-json\/wp\/v2\/media?parent=1524"}],"curies":[{"name":"wp","href":"https:\/\/api.w.org\/{rel}","templated":true}]}}