{"id":1522,"date":"2020-08-27T21:54:50","date_gmt":"2020-08-27T21:54:50","guid":{"rendered":"https:\/\/internacional.usil.edu.pe\/internacional\/?page_id=1522"},"modified":"2022-05-25T02:07:10","modified_gmt":"2022-05-25T02:07:10","slug":"estudia-en-usil-lima","status":"publish","type":"page","link":"https:\/\/internacional.usil.edu.pe\/internacional\/estudia-en-usil-lima\/","title":{"rendered":"Estudia en USIL Lima"},"content":{"rendered":"\n<h2>\u00a1Vive la Experiencia en Lima, Per\u00fa!<\/h2>\n\n\n\n<hr class=\"wp-block-separator\"\/>\n\n\n\n<p><a href=\"https:\/\/www.instagram.com\/usilinternational\/\">#USILINTERNATIONAL<\/a><br>Lima tiene miles de caras, pero lo que predomina es su imagen colonial con sus mansiones, conventos, plazas y monumentos que simbolizan su noble tradici\u00f3n.<\/p>\n\n\n\n<p>Es tambi\u00e9n llamada la Ciudad de los Reyes. Su historia est\u00e1 escrita en cada una de sus calles siendo as\u00ed la capital virreinal del Per\u00fa y la ciudad m\u00e1s importante y grande de Sudam\u00e9rica.<\/p>\n\n\n\n<p>Si eres estudiante universitario de una universidad extranjera, puedes tomar cursos en la USIL de cualquiera de nuestros programas acad\u00e9micos por 1 o 2 semestres en Lima &#8211; Per\u00fa, de marzo a julio y\/o de agosto a diciembre.<br><\/p>\n\n\n\n<p><strong>\u00bfQuieres conocer m\u00e1s de este programa?<br><\/strong>M\u00e1s informaci\u00f3n<strong> <a href=\"https:\/\/internacional.usil.edu.pe\/internacional\/wp-content\/uploads\/2022\/05\/USIL-Information-Pack-2022-02.pdf\" target=\"_blank\" rel=\"noreferrer noopener\">aqu\u00ed.<\/a><\/strong><\/p>\n","protected":false},"excerpt":{"rendered":"<p>\u00a1Vive la Experiencia en Lima, Per\u00fa! #USILINTERNATIONALLima tiene miles de caras, pero lo que predomina es su imagen colonial con sus mansiones, conventos, plazas y monumentos que simbolizan su noble tradici\u00f3n. Es tambi\u00e9n llamada la Ciudad de los Reyes. Su historia est\u00e1 escrita en cada una de sus calles siendo as\u00ed la capital virreinal del [&hellip;]<\/p>\n","protected":false},"author":1,"featured_media":1526,"parent":0,"menu_order":0,"comment_status":"closed","ping_status":"closed","template":"template_usil_lima.php","meta":[],"yoast_head":"<!-- This site is optimized with the Yoast SEO plugin v18.3 - https:\/\/yoast.com\/wordpress\/plugins\/seo\/ -->\n<title>Estudia en USIL Lima - USIL INTERNACIONAL<\/title>\n<meta name=\"robots\" content=\"noindex, follow, max-snippet:-1, max-image-preview:large, max-video-preview:-1\" \/>\n<meta property=\"og:locale\" content=\"es_ES\" \/>\n<meta property=\"og:type\" content=\"article\" \/>\n<meta property=\"og:title\" content=\"Estudia en USIL Lima - USIL INTERNACIONAL\" \/>\n<meta property=\"og:description\" content=\"\u00a1Vive la Experiencia en Lima, Per\u00fa! #USILINTERNATIONALLima tiene miles de caras, pero lo que predomina es su imagen colonial con sus mansiones, conventos, plazas y monumentos que simbolizan su noble tradici\u00f3n. Es tambi\u00e9n llamada la Ciudad de los Reyes. Su historia est\u00e1 escrita en cada una de sus calles siendo as\u00ed la capital virreinal del [&hellip;]\" \/>\n<meta property=\"og:url\" content=\"https:\/\/internacional.usil.edu.pe\/internacional\/study-in-usil-lima\/\" \/>\n<meta property=\"og:site_name\" content=\"USIL INTERNACIONAL\" \/>\n<meta property=\"article:modified_time\" content=\"2022-05-25T02:07:10+00:00\" \/>\n<meta property=\"og:image\" content=\"https:\/\/internacional.usil.edu.pe\/internacional\/wp-content\/uploads\/2020\/08\/usil-lima.jpg\" \/>\n\t<meta property=\"og:image:width\" content=\"827\" \/>\n\t<meta property=\"og:image:height\" content=\"493\" \/>\n\t<meta property=\"og:image:type\" content=\"image\/jpeg\" \/>\n<meta name=\"twitter:card\" content=\"summary_large_image\" \/>\n<meta name=\"twitter:label1\" content=\"Tiempo de lectura\" \/>\n\t<meta name=\"twitter:data1\" content=\"1 minuto\" \/>\n<script type=\"application\/ld+json\" class=\"yoast-schema-graph\">{\"@context\":\"https:\/\/schema.org\",\"@graph\":[{\"@type\":\"WebSite\",\"@id\":\"https:\/\/internacional.usil.edu.pe\/internacional\/#website\",\"url\":\"https:\/\/internacional.usil.edu.pe\/internacional\/\",\"name\":\"USIL INTERNACIONAL\",\"description\":\"USIL INTERNACIONAL \",\"potentialAction\":[{\"@type\":\"SearchAction\",\"target\":{\"@type\":\"EntryPoint\",\"urlTemplate\":\"https:\/\/internacional.usil.edu.pe\/internacional\/?s={search_term_string}\"},\"query-input\":\"required name=search_term_string\"}],\"inLanguage\":\"es\"},{\"@type\":\"ImageObject\",\"@id\":\"https:\/\/internacional.usil.edu.pe\/internacional\/study-in-usil-lima\/#primaryimage\",\"inLanguage\":\"es\",\"url\":\"https:\/\/internacional.usil.edu.pe\/internacional\/wp-content\/uploads\/2020\/08\/usil-lima.jpg\",\"contentUrl\":\"https:\/\/internacional.usil.edu.pe\/internacional\/wp-content\/uploads\/2020\/08\/usil-lima.jpg\",\"width\":827,\"height\":493},{\"@type\":\"WebPage\",\"@id\":\"https:\/\/internacional.usil.edu.pe\/internacional\/study-in-usil-lima\/#webpage\",\"url\":\"https:\/\/internacional.usil.edu.pe\/internacional\/study-in-usil-lima\/\",\"name\":\"Estudia en USIL Lima - USIL INTERNACIONAL\",\"isPartOf\":{\"@id\":\"https:\/\/internacional.usil.edu.pe\/internacional\/#website\"},\"primaryImageOfPage\":{\"@id\":\"https:\/\/internacional.usil.edu.pe\/internacional\/study-in-usil-lima\/#primaryimage\"},\"datePublished\":\"2020-08-27T21:54:50+00:00\",\"dateModified\":\"2022-05-25T02:07:10+00:00\",\"breadcrumb\":{\"@id\":\"https:\/\/internacional.usil.edu.pe\/internacional\/study-in-usil-lima\/#breadcrumb\"},\"inLanguage\":\"es\",\"potentialAction\":[{\"@type\":\"ReadAction\",\"target\":[\"https:\/\/internacional.usil.edu.pe\/internacional\/study-in-usil-lima\/\"]}]},{\"@type\":\"BreadcrumbList\",\"@id\":\"https:\/\/internacional.usil.edu.pe\/internacional\/study-in-usil-lima\/#breadcrumb\",\"itemListElement\":[{\"@type\":\"ListItem\",\"position\":1,\"name\":\"Portada\",\"item\":\"https:\/\/internacional.usil.edu.pe\/internacional\/es\/\"},{\"@type\":\"ListItem\",\"position\":2,\"name\":\"Estudia en USIL Lima\"}]}]}<\/script>\n<!-- \/ Yoast SEO plugin. -->","yoast_head_json":{"title":"Estudia en USIL Lima - USIL INTERNACIONAL","robots":{"index":"noindex","follow":"follow","max-snippet":"max-snippet:-1","max-image-preview":"max-image-preview:large","max-video-preview":"max-video-preview:-1"},"og_locale":"es_ES","og_type":"article","og_title":"Estudia en USIL Lima - USIL INTERNACIONAL","og_description":"\u00a1Vive la Experiencia en Lima, Per\u00fa! #USILINTERNATIONALLima tiene miles de caras, pero lo que predomina es su imagen colonial con sus mansiones, conventos, plazas y monumentos que simbolizan su noble tradici\u00f3n. Es tambi\u00e9n llamada la Ciudad de los Reyes. Su historia est\u00e1 escrita en cada una de sus calles siendo as\u00ed la capital virreinal del [&hellip;]","og_url":"https:\/\/internacional.usil.edu.pe\/internacional\/study-in-usil-lima\/","og_site_name":"USIL INTERNACIONAL","article_modified_time":"2022-05-25T02:07:10+00:00","og_image":[{"width":827,"height":493,"url":"https:\/\/internacional.usil.edu.pe\/internacional\/wp-content\/uploads\/2020\/08\/usil-lima.jpg","type":"image\/jpeg"}],"twitter_card":"summary_large_image","twitter_misc":{"Tiempo de lectura":"1 minuto"},"schema":{"@context":"https:\/\/schema.org","@graph":[{"@type":"WebSite","@id":"https:\/\/internacional.usil.edu.pe\/internacional\/#website","url":"https:\/\/internacional.usil.edu.pe\/internacional\/","name":"USIL INTERNACIONAL","description":"USIL INTERNACIONAL ","potentialAction":[{"@type":"SearchAction","target":{"@type":"EntryPoint","urlTemplate":"https:\/\/internacional.usil.edu.pe\/internacional\/?s={search_term_string}"},"query-input":"required name=search_term_string"}],"inLanguage":"es"},{"@type":"ImageObject","@id":"https:\/\/internacional.usil.edu.pe\/internacional\/study-in-usil-lima\/#primaryimage","inLanguage":"es","url":"https:\/\/internacional.usil.edu.pe\/internacional\/wp-content\/uploads\/2020\/08\/usil-lima.jpg","contentUrl":"https:\/\/internacional.usil.edu.pe\/internacional\/wp-content\/uploads\/2020\/08\/usil-lima.jpg","width":827,"height":493},{"@type":"WebPage","@id":"https:\/\/internacional.usil.edu.pe\/internacional\/study-in-usil-lima\/#webpage","url":"https:\/\/internacional.usil.edu.pe\/internacional\/study-in-usil-lima\/","name":"Estudia en USIL Lima - USIL INTERNACIONAL","isPartOf":{"@id":"https:\/\/internacional.usil.edu.pe\/internacional\/#website"},"primaryImageOfPage":{"@id":"https:\/\/internacional.usil.edu.pe\/internacional\/study-in-usil-lima\/#primaryimage"},"datePublished":"2020-08-27T21:54:50+00:00","dateModified":"2022-05-25T02:07:10+00:00","breadcrumb":{"@id":"https:\/\/internacional.usil.edu.pe\/internacional\/study-in-usil-lima\/#breadcrumb"},"inLanguage":"es","potentialAction":[{"@type":"ReadAction","target":["https:\/\/internacional.usil.edu.pe\/internacional\/study-in-usil-lima\/"]}]},{"@type":"BreadcrumbList","@id":"https:\/\/internacional.usil.edu.pe\/internacional\/study-in-usil-lima\/#breadcrumb","itemListElement":[{"@type":"ListItem","position":1,"name":"Portada","item":"https:\/\/internacional.usil.edu.pe\/internacional\/es\/"},{"@type":"ListItem","position":2,"name":"Estudia en USIL Lima"}]}]}},"acf":[],"_links":{"self":[{"href":"https:\/\/internacional.usil.edu.pe\/internacional\/wp-json\/wp\/v2\/pages\/1522"}],"collection":[{"href":"https:\/\/internacional.usil.edu.pe\/internacional\/wp-json\/wp\/v2\/pages"}],"about":[{"href":"https:\/\/internacional.usil.edu.pe\/internacional\/wp-json\/wp\/v2\/types\/page"}],"author":[{"embeddable":true,"href":"https:\/\/internacional.usil.edu.pe\/internacional\/wp-json\/wp\/v2\/users\/1"}],"replies":[{"embeddable":true,"href":"https:\/\/internacional.usil.edu.pe\/internacional\/wp-json\/wp\/v2\/comments?post=1522"}],"version-history":[{"count":23,"href":"https:\/\/internacional.usil.edu.pe\/internacional\/wp-json\/wp\/v2\/pages\/1522\/revisions"}],"predecessor-version":[{"id":5102,"href":"https:\/\/internacional.usil.edu.pe\/internacional\/wp-json\/wp\/v2\/pages\/1522\/revisions\/5102"}],"wp:featuredmedia":[{"embeddable":true,"href":"https:\/\/internacional.usil.edu.pe\/internacional\/wp-json\/wp\/v2\/media\/1526"}],"wp:attachment":[{"href":"https:\/\/internacional.usil.edu.pe\/internacional\/wp-json\/wp\/v2\/media?parent=1522"}],"curies":[{"name":"wp","href":"https:\/\/api.w.org\/{rel}","templated":true}]}}